{"id":10,"date":"2026-02-01T20:44:07","date_gmt":"2026-02-02T00:44:07","guid":{"rendered":"https:\/\/bonitocinesur.com.br\/2026\/?page_id=10"},"modified":"2026-05-01T10:20:15","modified_gmt":"2026-05-01T14:20:15","slug":"inicio","status":"publish","type":"page","link":"https:\/\/bonitocinesur.com.br\/2026\/","title":{"rendered":"In\u00edcio"},"content":{"rendered":"<div class=\"wpb-content-wrapper\"><p>[vc_row full_width=&#8221;stretch_row&#8221; gap=&#8221;10&#8243; css=&#8221;.vc_custom_1770844454889{padding-top: 40px !important;padding-bottom: 140px !important;background-image: url(https:\/\/bonitocinesur.com.br\/2026\/wp-content\/uploads\/2026\/02\/bcs26-bg-v4.webp?id=24) !important;background-position: center !important;background-repeat: no-repeat !important;background-size: cover !important;}&#8221; el_id=&#8221;top&#8221;][vc_column][vc_single_image image=&#8221;133&#8243; img_size=&#8221;578&#215;800&#8243; alignment=&#8221;center&#8221; css=&#8221;&#8221;][\/vc_column][\/vc_row][vc_row full_width=&#8221;stretch_row&#8221; gap=&#8221;10&#8243; content_placement=&#8221;middle&#8221; css=&#8221;.vc_custom_1770598473291{padding-bottom: 25px !important;background-color: #633718 !important;}&#8221; el_id=&#8221;join&#8221;][vc_column width=&#8221;1\/3&#8243;][vc_btn title=&#8221;Apresenta\u00e7\u00e3o | Presentaci\u00f3n&#8221; shape=&#8221;round&#8221; color=&#8221;white&#8221; size=&#8221;lg&#8221; align=&#8221;center&#8221; i_icon_fontawesome=&#8221;fa fa-solid fa-circle-info&#8221; css=&#8221;.vc_custom_1770406012185{margin-bottom: 10px !important;}&#8221; add_icon=&#8221;true&#8221; link=&#8221;url:https%3A%2F%2Fbonitocinesur.com.br%2F2026%2Fapresentacao-presentacion%2F|title:Apresenta%C3%A7%C3%A3o%20%7C%20Presentaci%C3%B3n&#8221;][\/vc_column][vc_column width=&#8221;1\/3&#8243;][vc_btn title=&#8221;Regulamento | Reglamento&#8221; shape=&#8221;round&#8221; color=&#8221;white&#8221; size=&#8221;lg&#8221; align=&#8221;center&#8221; i_icon_fontawesome=&#8221;fa fa-solid fa-file-lines&#8221; css=&#8221;.vc_custom_1770406027986{margin-bottom: 10px !important;}&#8221; add_icon=&#8221;true&#8221; link=&#8221;url:https%3A%2F%2Fbonitocinesur.com.br%2F2026%2Fregulamento-reglamento%2F|title:Regulamento%20%7C%20Reglamento&#8221;][\/vc_column][vc_column width=&#8221;1\/3&#8243;][vc_btn title=&#8221;Inscri\u00e7\u00e3o | Inscripci\u00f3n&#8221; shape=&#8221;round&#8221; color=&#8221;white&#8221; size=&#8221;lg&#8221; align=&#8221;center&#8221; i_icon_fontawesome=&#8221;fa fa-solid fa-pen-to-square&#8221; css=&#8221;.vc_custom_1770406032385{margin-bottom: 10px !important;}&#8221; add_icon=&#8221;true&#8221; link=&#8221;url:https%3A%2F%2Fbonitocinesur.com.br%2F2026%2Finscricao-inscripcion%2F|title:Inscri%C3%A7%C3%A3o%20%7C%20Inscripci%C3%B3n&#8221;][\/vc_column][\/vc_row][vc_row full_width=&#8221;stretch_row&#8221; gap=&#8221;10&#8243; css=&#8221;.vc_custom_1770598477763{background-image: url(https:\/\/bonitocinesur.com.br\/2026\/wp-content\/uploads\/2026\/02\/bcs26-bg-aquario-v1.webp?id=31) !important;background-position: center !important;background-repeat: no-repeat !important;background-size: cover !important;}&#8221; el_id=&#8221;slogan&#8221;][vc_column][vc_single_image image=&#8221;32&#8243; img_size=&#8221;full&#8221; alignment=&#8221;center&#8221; css=&#8221;&#8221;][\/vc_column][\/vc_row][vc_row full_width=&#8221;stretch_row&#8221; gap=&#8221;10&#8243; content_placement=&#8221;middle&#8221; css=&#8221;.vc_custom_1770598482810{background-color: #86CA97 !important;}&#8221; el_id=&#8221;about&#8221;][vc_column width=&#8221;2\/3&#8243;][vc_column_text css=&#8221;&#8221;]<\/p>\n<p style=\"text-align: left;\">O <strong>Bonito CineSur &#8211; Festival de Cinema Sul-Americano<\/strong> de Bonito chega \u00e0 sua 4\u00aa edi\u00e7\u00e3o em 2026 consolidado como o principal palco de integra\u00e7\u00e3o, exibi\u00e7\u00e3o e debate audiovisual do continente. Em um dos destinos de ecoturismo mais deslumbrantes do Brasil, unimos Ecoturismo, Cultura, Meio Ambiente e Desenvolvimento em uma programa\u00e7\u00e3o vibrante e gratuita.<\/p>\n<p>[\/vc_column_text][vc_column_text css=&#8221;&#8221;]<\/p>\n<p style=\"text-align: left;\"><em><strong>Bonito CineSur &#8211; Festival de Cine Sudamericano de Bonito<\/strong>, llega a su cuarta edici\u00f3n en 2026, consolidado como el principal escenario de integraci\u00f3n, exhibici\u00f3n y debate audiovisual del continente. En uno de los destinos ecotur\u00edsticos m\u00e1s impresionantes de Brasil, combinamos ecoturismo, cultura, medio ambiente y desarrollo en un programa vibrante y gratuito.<\/em><\/p>\n<p>[\/vc_column_text][\/vc_column][vc_column width=&#8221;1\/3&#8243;][vc_single_image image=&#8221;56&#8243; img_size=&#8221;full&#8221; alignment=&#8221;center&#8221; css=&#8221;&#8221;][\/vc_column][\/vc_row][vc_row full_width=&#8221;stretch_row_content_no_spaces&#8221; content_placement=&#8221;middle&#8221; el_id=&#8221;cinema&#8221; css=&#8221;.vc_custom_1770600912668{margin-top: 0px !important;margin-right: 0px !important;margin-bottom: 0px !important;margin-left: 0px !important;padding-top: 0px !important;padding-right: 0px !important;padding-bottom: 0px !important;padding-left: 0px !important;}&#8221;][vc_column css=&#8221;.vc_custom_1770600863178{margin-top: 0px !important;margin-right: 0px !important;margin-bottom: 0px !important;margin-left: 0px !important;padding-top: 0px !important;padding-right: 0px !important;padding-bottom: 0px !important;padding-left: 0px !important;}&#8221;][vc_single_image image=&#8221;289&#8243; img_size=&#8221;full&#8221; alignment=&#8221;center&#8221; css=&#8221;.vc_custom_1770601073604{margin-top: 0px !important;margin-right: 0px !important;margin-bottom: 0px !important;margin-left: 0px !important;padding-top: 0px !important;padding-right: 0px !important;padding-bottom: 0px !important;padding-left: 0px !important;background-position: center !important;background-repeat: no-repeat !important;background-size: cover !important;}&#8221;][\/vc_column][\/vc_row][vc_row full_width=&#8221;stretch_row&#8221; gap=&#8221;10&#8243; content_placement=&#8221;bottom&#8221; css=&#8221;.vc_custom_1777645206314{background-image: url(https:\/\/bonitocinesur.com.br\/2026\/wp-content\/uploads\/2026\/05\/bcs26-bg-bottom-v2.webp?id=402) !important;background-position: center !important;background-repeat: no-repeat !important;background-size: cover !important;}&#8221; el_id=&#8221;bottom&#8221; min_height=&#8221;640px&#8221;][vc_column][vc_single_image image=&#8221;400&#8243; img_size=&#8221;full&#8221; alignment=&#8221;center&#8221; css=&#8221;&#8221;][\/vc_column][\/vc_row][vc_row full_width=&#8221;stretch_row&#8221; gap=&#8221;10&#8243; css=&#8221;.vc_custom_1770598494242{padding-bottom: 5px !important;background-color: #91C7EC !important;}&#8221;][vc_column][vc_column_text css=&#8221;.vc_custom_1770350297416{margin-bottom: 20px !important;}&#8221;]<\/p>\n<p style=\"text-align: center;\">O Bonito CineSur tamb\u00e9m est\u00e1 no Festhome, a plataforma dos melhores festivais de cinema:<br \/>\n<em>Bonito CineSur tambi\u00e9n est\u00e1 en Festhome, la plataforma de los mejores festivales de cine:<\/em><\/p>\n<p>[\/vc_column_text][vc_single_image image=&#8221;235&#8243; img_size=&#8221;full&#8221; alignment=&#8221;center&#8221; onclick=&#8221;custom_link&#8221; img_link_target=&#8221;_blank&#8221; css=&#8221;&#8221; link=&#8221;https:\/\/filmmakers.festhome.com\/pt\/festival\/bonito-cinesur-festival-de-cinema-sul-americano-de-bonito&#8221;][\/vc_column][\/vc_row]<\/p>\n<\/div>","protected":false},"excerpt":{"rendered":"<p>[vc_row full_width=&#8221;stretch_row&#8221; gap=&#8221;10&#8243; css=&#8221;.vc_custom_1770844454889{padding-top: 40px !important;padding-bottom: 140px !important;background-image: url(https:\/\/bonitocinesur.com.br\/2026\/wp-content\/uploads\/2026\/02\/bcs26-bg-v4.webp?id=24) !important;background-position: center !important;background-repeat: no-repeat !important;background-size: cover !important;}&#8221; el_id=&#8221;top&#8221;][vc_column][vc_single_image image=&#8221;133&#8243; img_size=&#8221;578&#215;800&#8243; alignment=&#8221;center&#8221; [&hellip;]<\/p>\n","protected":false},"author":1,"featured_media":0,"parent":0,"menu_order":0,"comment_status":"closed","ping_status":"closed","template":"","meta":{"site-sidebar-layout":"no-sidebar","site-content-layout":"plain-container","ast-site-content-layout":"default","site-content-style":"default","site-sidebar-style":"default","ast-global-header-display":"","ast-banner-title-visibility":"","ast-main-header-display":"","ast-hfb-above-header-display":"","ast-hfb-below-header-display":"","ast-hfb-mobile-header-display":"","site-post-title":"disabled","ast-breadcrumbs-content":"","ast-featured-img":"disabled","footer-sml-layout":"","ast-disable-related-posts":"","theme-transparent-header-meta":"default","adv-header-id-meta":"","stick-header-meta":"","header-above-stick-meta":"","header-main-stick-meta":"","header-below-stick-meta":"","astra-migrate-meta-layouts":"set","ast-page-background-enabled":"default","ast-page-background-meta":{"desktop":{"background-color":"var(--ast-global-color-5)","background-image":"","background-repeat":"repeat","background-position":"center center","background-size":"auto","background-attachment":"scroll","background-type":"","background-media":"","overlay-type":"","overlay-color":"","overlay-opacity":"","overlay-gradient":""},"tablet":{"background-color":"","background-image":"","background-repeat":"repeat","background-position":"center center","background-size":"auto","background-attachment":"scroll","background-type":"","background-media":"","overlay-type":"","overlay-color":"","overlay-opacity":"","overlay-gradient":""},"mobile":{"background-color":"","background-image":"","background-repeat":"repeat","background-position":"center center","background-size":"auto","background-attachment":"scroll","background-type":"","background-media":"","overlay-type":"","overlay-color":"","overlay-opacity":"","overlay-gradient":""}},"ast-content-background-meta":{"desktop":{"background-color":"var(--ast-global-color-4)","background-image":"","background-repeat":"repeat","background-position":"center center","background-size":"auto","background-attachment":"scroll","background-type":"","background-media":"","overlay-type":"","overlay-color":"","overlay-opacity":"","overlay-gradient":""},"tablet":{"background-color":"var(--ast-global-color-4)","background-image":"","background-repeat":"repeat","background-position":"center center","background-size":"auto","background-attachment":"scroll","background-type":"","background-media":"","overlay-type":"","overlay-color":"","overlay-opacity":"","overlay-gradient":""},"mobile":{"background-color":"var(--ast-global-color-4)","background-image":"","background-repeat":"repeat","background-position":"center center","background-size":"auto","background-attachment":"scroll","background-type":"","background-media":"","overlay-type":"","overlay-color":"","overlay-opacity":"","overlay-gradient":""}},"footnotes":""},"class_list":["post-10","page","type-page","status-publish","hentry"],"yoast_head":"<!-- This site is optimized with the Yoast SEO plugin v27.5 - https:\/\/yoast.com\/product\/yoast-seo-wordpress\/ -->\n<title>In\u00edcio &#062; 4\u00ba Bonito CineSur<\/title>\n<meta name=\"robots\" content=\"index, follow, max-snippet:-1, max-image-preview:large, max-video-preview:-1\" \/>\n<link rel=\"canonical\" href=\"https:\/\/bonitocinesur.com.br\/2026\/\" \/>\n<meta property=\"og:locale\" content=\"pt_BR\" \/>\n<meta property=\"og:type\" content=\"article\" \/>\n<meta property=\"og:title\" content=\"In\u00edcio &#062; 4\u00ba Bonito CineSur\" \/>\n<meta property=\"og:description\" content=\"[vc_row full_width=&#8221;stretch_row&#8221; gap=&#8221;10&#8243; css=&#8221;.vc_custom_1770844454889{padding-top: 40px !important;padding-bottom: 140px !important;background-image: url(https:\/\/bonitocinesur.com.br\/2026\/wp-content\/uploads\/2026\/02\/bcs26-bg-v4.webp?id=24) !important;background-position: center !important;background-repeat: no-repeat !important;background-size: cover !important;}&#8221; el_id=&#8221;top&#8221;][vc_column][vc_single_image image=&#8221;133&#8243; img_size=&#8221;578&#215;800&#8243; alignment=&#8221;center&#8221; [&hellip;]\" \/>\n<meta property=\"og:url\" content=\"https:\/\/bonitocinesur.com.br\/2026\/\" \/>\n<meta property=\"og:site_name\" content=\"4\u00ba Bonito CineSur\" \/>\n<meta property=\"article:publisher\" content=\"https:\/\/facebook.com\/bonitocinesur\" \/>\n<meta property=\"article:modified_time\" content=\"2026-05-01T14:20:15+00:00\" \/>\n<meta property=\"og:image\" content=\"https:\/\/bonitocinesur.com.br\/2026\/wp-content\/uploads\/2026\/02\/bcs26-imagem-yoast-v2.webp\" \/>\n\t<meta property=\"og:image:width\" content=\"1200\" \/>\n\t<meta property=\"og:image:height\" content=\"675\" \/>\n\t<meta property=\"og:image:type\" content=\"image\/webp\" \/>\n<meta name=\"twitter:card\" content=\"summary_large_image\" \/>\n<meta name=\"twitter:label1\" content=\"Est. tempo de leitura\" \/>\n\t<meta name=\"twitter:data1\" content=\"4 minutos\" \/>\n<script type=\"application\/ld+json\" class=\"yoast-schema-graph\">{\"@context\":\"https:\\\/\\\/schema.org\",\"@graph\":[{\"@type\":\"WebPage\",\"@id\":\"https:\\\/\\\/bonitocinesur.com.br\\\/2026\\\/\",\"url\":\"https:\\\/\\\/bonitocinesur.com.br\\\/2026\\\/\",\"name\":\"In\u00edcio &#062; 4\u00ba Bonito CineSur\",\"isPartOf\":{\"@id\":\"https:\\\/\\\/bonitocinesur.com.br\\\/2026\\\/#website\"},\"datePublished\":\"2026-02-02T00:44:07+00:00\",\"dateModified\":\"2026-05-01T14:20:15+00:00\",\"breadcrumb\":{\"@id\":\"https:\\\/\\\/bonitocinesur.com.br\\\/2026\\\/#breadcrumb\"},\"inLanguage\":\"pt-BR\",\"potentialAction\":[{\"@type\":\"ReadAction\",\"target\":[\"https:\\\/\\\/bonitocinesur.com.br\\\/2026\\\/\"]}]},{\"@type\":\"BreadcrumbList\",\"@id\":\"https:\\\/\\\/bonitocinesur.com.br\\\/2026\\\/#breadcrumb\",\"itemListElement\":[{\"@type\":\"ListItem\",\"position\":1,\"name\":\"In\u00edcio\",\"item\":\"https:\\\/\\\/bonitocinesur.com.br\\\/2026\\\/\"},{\"@type\":\"ListItem\",\"position\":2,\"name\":\"In\u00edcio\"}]},{\"@type\":\"WebSite\",\"@id\":\"https:\\\/\\\/bonitocinesur.com.br\\\/2026\\\/#website\",\"url\":\"https:\\\/\\\/bonitocinesur.com.br\\\/2026\\\/\",\"name\":\"4\u00ba Bonito CineSur\",\"description\":\"Festival de Cinema Sul-Americano de Bonito\",\"publisher\":{\"@id\":\"https:\\\/\\\/bonitocinesur.com.br\\\/2026\\\/#organization\"},\"alternateName\":\"BCS 2026\",\"potentialAction\":[{\"@type\":\"SearchAction\",\"target\":{\"@type\":\"EntryPoint\",\"urlTemplate\":\"https:\\\/\\\/bonitocinesur.com.br\\\/2026\\\/?s={search_term_string}\"},\"query-input\":{\"@type\":\"PropertyValueSpecification\",\"valueRequired\":true,\"valueName\":\"search_term_string\"}}],\"inLanguage\":\"pt-BR\"},{\"@type\":\"Organization\",\"@id\":\"https:\\\/\\\/bonitocinesur.com.br\\\/2026\\\/#organization\",\"name\":\"Festival de Cinema Sul-Americano de Bonito\",\"alternateName\":\"BCS 2026\",\"url\":\"https:\\\/\\\/bonitocinesur.com.br\\\/2026\\\/\",\"logo\":{\"@type\":\"ImageObject\",\"inLanguage\":\"pt-BR\",\"@id\":\"https:\\\/\\\/bonitocinesur.com.br\\\/2026\\\/#\\\/schema\\\/logo\\\/image\\\/\",\"url\":\"https:\\\/\\\/bonitocinesur.com.br\\\/2026\\\/wp-content\\\/uploads\\\/2026\\\/02\\\/bcs26-imagem-destaque-v1.webp\",\"contentUrl\":\"https:\\\/\\\/bonitocinesur.com.br\\\/2026\\\/wp-content\\\/uploads\\\/2026\\\/02\\\/bcs26-imagem-destaque-v1.webp\",\"width\":1280,\"height\":854,\"caption\":\"Festival de Cinema Sul-Americano de Bonito\"},\"image\":{\"@id\":\"https:\\\/\\\/bonitocinesur.com.br\\\/2026\\\/#\\\/schema\\\/logo\\\/image\\\/\"},\"sameAs\":[\"https:\\\/\\\/facebook.com\\\/bonitocinesur\",\"https:\\\/\\\/instagram.com\\\/bonitocinesur\"]}]}<\/script>\n<!-- \/ Yoast SEO plugin. -->","yoast_head_json":{"title":"In\u00edcio &#062; 4\u00ba Bonito CineSur","robots":{"index":"index","follow":"follow","max-snippet":"max-snippet:-1","max-image-preview":"max-image-preview:large","max-video-preview":"max-video-preview:-1"},"canonical":"https:\/\/bonitocinesur.com.br\/2026\/","og_locale":"pt_BR","og_type":"article","og_title":"In\u00edcio &#062; 4\u00ba Bonito CineSur","og_description":"[vc_row full_width=&#8221;stretch_row&#8221; gap=&#8221;10&#8243; css=&#8221;.vc_custom_1770844454889{padding-top: 40px !important;padding-bottom: 140px !important;background-image: url(https:\/\/bonitocinesur.com.br\/2026\/wp-content\/uploads\/2026\/02\/bcs26-bg-v4.webp?id=24) !important;background-position: center !important;background-repeat: no-repeat !important;background-size: cover !important;}&#8221; el_id=&#8221;top&#8221;][vc_column][vc_single_image image=&#8221;133&#8243; img_size=&#8221;578&#215;800&#8243; alignment=&#8221;center&#8221; [&hellip;]","og_url":"https:\/\/bonitocinesur.com.br\/2026\/","og_site_name":"4\u00ba Bonito CineSur","article_publisher":"https:\/\/facebook.com\/bonitocinesur","article_modified_time":"2026-05-01T14:20:15+00:00","og_image":[{"width":1200,"height":675,"url":"https:\/\/bonitocinesur.com.br\/2026\/wp-content\/uploads\/2026\/02\/bcs26-imagem-yoast-v2.webp","type":"image\/webp"}],"twitter_card":"summary_large_image","twitter_misc":{"Est. tempo de leitura":"4 minutos"},"schema":{"@context":"https:\/\/schema.org","@graph":[{"@type":"WebPage","@id":"https:\/\/bonitocinesur.com.br\/2026\/","url":"https:\/\/bonitocinesur.com.br\/2026\/","name":"In\u00edcio &#062; 4\u00ba Bonito CineSur","isPartOf":{"@id":"https:\/\/bonitocinesur.com.br\/2026\/#website"},"datePublished":"2026-02-02T00:44:07+00:00","dateModified":"2026-05-01T14:20:15+00:00","breadcrumb":{"@id":"https:\/\/bonitocinesur.com.br\/2026\/#breadcrumb"},"inLanguage":"pt-BR","potentialAction":[{"@type":"ReadAction","target":["https:\/\/bonitocinesur.com.br\/2026\/"]}]},{"@type":"BreadcrumbList","@id":"https:\/\/bonitocinesur.com.br\/2026\/#breadcrumb","itemListElement":[{"@type":"ListItem","position":1,"name":"In\u00edcio","item":"https:\/\/bonitocinesur.com.br\/2026\/"},{"@type":"ListItem","position":2,"name":"In\u00edcio"}]},{"@type":"WebSite","@id":"https:\/\/bonitocinesur.com.br\/2026\/#website","url":"https:\/\/bonitocinesur.com.br\/2026\/","name":"4\u00ba Bonito CineSur","description":"Festival de Cinema Sul-Americano de Bonito","publisher":{"@id":"https:\/\/bonitocinesur.com.br\/2026\/#organization"},"alternateName":"BCS 2026","potentialAction":[{"@type":"SearchAction","target":{"@type":"EntryPoint","urlTemplate":"https:\/\/bonitocinesur.com.br\/2026\/?s={search_term_string}"},"query-input":{"@type":"PropertyValueSpecification","valueRequired":true,"valueName":"search_term_string"}}],"inLanguage":"pt-BR"},{"@type":"Organization","@id":"https:\/\/bonitocinesur.com.br\/2026\/#organization","name":"Festival de Cinema Sul-Americano de Bonito","alternateName":"BCS 2026","url":"https:\/\/bonitocinesur.com.br\/2026\/","logo":{"@type":"ImageObject","inLanguage":"pt-BR","@id":"https:\/\/bonitocinesur.com.br\/2026\/#\/schema\/logo\/image\/","url":"https:\/\/bonitocinesur.com.br\/2026\/wp-content\/uploads\/2026\/02\/bcs26-imagem-destaque-v1.webp","contentUrl":"https:\/\/bonitocinesur.com.br\/2026\/wp-content\/uploads\/2026\/02\/bcs26-imagem-destaque-v1.webp","width":1280,"height":854,"caption":"Festival de Cinema Sul-Americano de Bonito"},"image":{"@id":"https:\/\/bonitocinesur.com.br\/2026\/#\/schema\/logo\/image\/"},"sameAs":["https:\/\/facebook.com\/bonitocinesur","https:\/\/instagram.com\/bonitocinesur"]}]}},"_links":{"self":[{"href":"https:\/\/bonitocinesur.com.br\/2026\/wp-json\/wp\/v2\/pages\/10","targetHints":{"allow":["GET"]}}],"collection":[{"href":"https:\/\/bonitocinesur.com.br\/2026\/wp-json\/wp\/v2\/pages"}],"about":[{"href":"https:\/\/bonitocinesur.com.br\/2026\/wp-json\/wp\/v2\/types\/page"}],"author":[{"embeddable":true,"href":"https:\/\/bonitocinesur.com.br\/2026\/wp-json\/wp\/v2\/users\/1"}],"replies":[{"embeddable":true,"href":"https:\/\/bonitocinesur.com.br\/2026\/wp-json\/wp\/v2\/comments?post=10"}],"version-history":[{"count":124,"href":"https:\/\/bonitocinesur.com.br\/2026\/wp-json\/wp\/v2\/pages\/10\/revisions"}],"predecessor-version":[{"id":403,"href":"https:\/\/bonitocinesur.com.br\/2026\/wp-json\/wp\/v2\/pages\/10\/revisions\/403"}],"wp:attachment":[{"href":"https:\/\/bonitocinesur.com.br\/2026\/wp-json\/wp\/v2\/media?parent=10"}],"curies":[{"name":"wp","href":"https:\/\/api.w.org\/{rel}","templated":true}]}}