{"id":392,"date":"2026-04-21T18:53:57","date_gmt":"2026-04-21T22:53:57","guid":{"rendered":"https:\/\/bonitocinesur.com.br\/2026\/?page_id=392"},"modified":"2026-04-21T18:56:21","modified_gmt":"2026-04-21T22:56:21","slug":"blog-festival","status":"publish","type":"page","link":"https:\/\/bonitocinesur.com.br\/2026\/blog-festival\/","title":{"rendered":"Blog"},"content":{"rendered":"<div class=\"wpb-content-wrapper\"><p>[vc_row full_width=&#8221;stretch_row&#8221; gap=&#8221;10&#8243; css=&#8221;.vc_custom_1770842045294{padding-top: 80px !important;background-image: url(https:\/\/bonitocinesur.com.br\/2026\/wp-content\/uploads\/2026\/02\/bcs26-bg-v7.webp?id=106) !important;background-position: center !important;background-repeat: no-repeat !important;background-size: cover !important;}&#8221; min_height=&#8221;600px&#8221;][vc_column][vc_single_image image=&#8221;335&#8243; img_size=&#8221;full&#8221; alignment=&#8221;center&#8221; css=&#8221;&#8221;][\/vc_column][\/vc_row][vc_row full_width=&#8221;stretch_row&#8221; gap=&#8221;10&#8243; css=&#8221;.vc_custom_1770598317347{background-color: #86CA97 !important;}&#8221;][vc_column][vc_column_text css=&#8221;&#8221;]<\/p>\n<h1 style=\"text-align: center;\">Blog do Festival<\/h1>\n<p>[\/vc_column_text][\/vc_column][\/vc_row][vc_row gap=&#8221;10&#8243; css=&#8221;.vc_custom_1770598371299{padding-bottom: 30px !important;}&#8221;][vc_column][vc_basic_grid post_type=&#8221;post&#8221; max_items=&#8221;&#8221; gap=&#8221;20&#8243; item=&#8221;394&#8243; initial_loading_animation=&#8221;none&#8221; css=&#8221;&#8221; grid_id=&#8221;vc_gid:1776812172165-e975347e-d903-8&#8243;][\/vc_column][\/vc_row]<\/p>\n<\/div>","protected":false},"excerpt":{"rendered":"<p>[vc_row full_width=&#8221;stretch_row&#8221; gap=&#8221;10&#8243; css=&#8221;.vc_custom_1770842045294{padding-top: 80px !important;background-image: url(https:\/\/bonitocinesur.com.br\/2026\/wp-content\/uploads\/2026\/02\/bcs26-bg-v7.webp?id=106) !important;background-position: center !important;background-repeat: no-repeat !important;background-size: cover !important;}&#8221; min_height=&#8221;600px&#8221;][vc_column][vc_single_image image=&#8221;335&#8243; img_size=&#8221;full&#8221; alignment=&#8221;center&#8221; css=&#8221;&#8221;][\/vc_column][\/vc_row][vc_row full_width=&#8221;stretch_row&#8221; [&hellip;]<\/p>\n","protected":false},"author":1,"featured_media":94,"parent":0,"menu_order":0,"comment_status":"closed","ping_status":"closed","template":"","meta":{"site-sidebar-layout":"no-sidebar","site-content-layout":"plain-container","ast-site-content-layout":"default","site-content-style":"default","site-sidebar-style":"default","ast-global-header-display":"","ast-banner-title-visibility":"","ast-main-header-display":"","ast-hfb-above-header-display":"","ast-hfb-below-header-display":"","ast-hfb-mobile-header-display":"","site-post-title":"disabled","ast-breadcrumbs-content":"","ast-featured-img":"disabled","footer-sml-layout":"","ast-disable-related-posts":"","theme-transparent-header-meta":"default","adv-header-id-meta":"","stick-header-meta":"","header-above-stick-meta":"","header-main-stick-meta":"","header-below-stick-meta":"","astra-migrate-meta-layouts":"set","ast-page-background-enabled":"default","ast-page-background-meta":{"desktop":{"background-color":"var(--ast-global-color-5)","background-image":"","background-repeat":"repeat","background-position":"center center","background-size":"auto","background-attachment":"scroll","background-type":"","background-media":"","overlay-type":"","overlay-color":"","overlay-opacity":"","overlay-gradient":""},"tablet":{"background-color":"","background-image":"","background-repeat":"repeat","background-position":"center center","background-size":"auto","background-attachment":"scroll","background-type":"","background-media":"","overlay-type":"","overlay-color":"","overlay-opacity":"","overlay-gradient":""},"mobile":{"background-color":"","background-image":"","background-repeat":"repeat","background-position":"center center","background-size":"auto","background-attachment":"scroll","background-type":"","background-media":"","overlay-type":"","overlay-color":"","overlay-opacity":"","overlay-gradient":""}},"ast-content-background-meta":{"desktop":{"background-color":"var(--ast-global-color-4)","background-image":"","background-repeat":"repeat","background-position":"center center","background-size":"auto","background-attachment":"scroll","background-type":"","background-media":"","overlay-type":"","overlay-color":"","overlay-opacity":"","overlay-gradient":""},"tablet":{"background-color":"var(--ast-global-color-4)","background-image":"","background-repeat":"repeat","background-position":"center center","background-size":"auto","background-attachment":"scroll","background-type":"","background-media":"","overlay-type":"","overlay-color":"","overlay-opacity":"","overlay-gradient":""},"mobile":{"background-color":"var(--ast-global-color-4)","background-image":"","background-repeat":"repeat","background-position":"center center","background-size":"auto","background-attachment":"scroll","background-type":"","background-media":"","overlay-type":"","overlay-color":"","overlay-opacity":"","overlay-gradient":""}},"footnotes":""},"class_list":["post-392","page","type-page","status-publish","has-post-thumbnail","hentry"],"yoast_head":"<!-- This site is optimized with the Yoast SEO plugin v27.4 - https:\/\/yoast.com\/product\/yoast-seo-wordpress\/ -->\n<title>Blog &#062; 4\u00ba Bonito CineSur<\/title>\n<meta name=\"description\" content=\"Confira aqui as not\u00edcias, fotos, v\u00eddeos e novidades sobre a edi\u00e7\u00e3o 2026 do Festival de Cinema Sul-Americano de Bonito.\" \/>\n<meta name=\"robots\" content=\"index, follow, max-snippet:-1, max-image-preview:large, max-video-preview:-1\" \/>\n<link rel=\"canonical\" href=\"https:\/\/bonitocinesur.com.br\/2026\/blog-festival\/\" \/>\n<meta property=\"og:locale\" content=\"pt_BR\" \/>\n<meta property=\"og:type\" content=\"article\" \/>\n<meta property=\"og:title\" content=\"Blog &#062; 4\u00ba Bonito CineSur\" \/>\n<meta property=\"og:description\" content=\"Confira aqui as not\u00edcias, fotos, v\u00eddeos e novidades sobre a edi\u00e7\u00e3o 2026 do Festival de Cinema Sul-Americano de Bonito.\" \/>\n<meta property=\"og:url\" content=\"https:\/\/bonitocinesur.com.br\/2026\/blog-festival\/\" \/>\n<meta property=\"og:site_name\" content=\"4\u00ba Bonito CineSur\" \/>\n<meta property=\"article:publisher\" content=\"https:\/\/facebook.com\/bonitocinesur\" \/>\n<meta property=\"article:modified_time\" content=\"2026-04-21T22:56:21+00:00\" \/>\n<meta property=\"og:image\" content=\"https:\/\/bonitocinesur.com.br\/2026\/wp-content\/uploads\/2026\/02\/bcs26-imagem-destaque-v1.webp\" \/>\n\t<meta property=\"og:image:width\" content=\"1280\" \/>\n\t<meta property=\"og:image:height\" content=\"854\" \/>\n\t<meta property=\"og:image:type\" content=\"image\/webp\" \/>\n<meta name=\"twitter:card\" content=\"summary_large_image\" \/>\n<meta name=\"twitter:label1\" content=\"Est. tempo de leitura\" \/>\n\t<meta name=\"twitter:data1\" content=\"1 minuto\" \/>\n<script type=\"application\/ld+json\" class=\"yoast-schema-graph\">{\"@context\":\"https:\\\/\\\/schema.org\",\"@graph\":[{\"@type\":\"WebPage\",\"@id\":\"https:\\\/\\\/bonitocinesur.com.br\\\/2026\\\/blog-festival\\\/\",\"url\":\"https:\\\/\\\/bonitocinesur.com.br\\\/2026\\\/blog-festival\\\/\",\"name\":\"Blog &#062; 4\u00ba Bonito CineSur\",\"isPartOf\":{\"@id\":\"https:\\\/\\\/bonitocinesur.com.br\\\/2026\\\/#website\"},\"primaryImageOfPage\":{\"@id\":\"https:\\\/\\\/bonitocinesur.com.br\\\/2026\\\/blog-festival\\\/#primaryimage\"},\"image\":{\"@id\":\"https:\\\/\\\/bonitocinesur.com.br\\\/2026\\\/blog-festival\\\/#primaryimage\"},\"thumbnailUrl\":\"https:\\\/\\\/bonitocinesur.com.br\\\/2026\\\/wp-content\\\/uploads\\\/2026\\\/02\\\/bcs26-imagem-destaque-v1.webp\",\"datePublished\":\"2026-04-21T22:53:57+00:00\",\"dateModified\":\"2026-04-21T22:56:21+00:00\",\"description\":\"Confira aqui as not\u00edcias, fotos, v\u00eddeos e novidades sobre a edi\u00e7\u00e3o 2026 do Festival de Cinema Sul-Americano de Bonito.\",\"breadcrumb\":{\"@id\":\"https:\\\/\\\/bonitocinesur.com.br\\\/2026\\\/blog-festival\\\/#breadcrumb\"},\"inLanguage\":\"pt-BR\",\"potentialAction\":[{\"@type\":\"ReadAction\",\"target\":[\"https:\\\/\\\/bonitocinesur.com.br\\\/2026\\\/blog-festival\\\/\"]}]},{\"@type\":\"ImageObject\",\"inLanguage\":\"pt-BR\",\"@id\":\"https:\\\/\\\/bonitocinesur.com.br\\\/2026\\\/blog-festival\\\/#primaryimage\",\"url\":\"https:\\\/\\\/bonitocinesur.com.br\\\/2026\\\/wp-content\\\/uploads\\\/2026\\\/02\\\/bcs26-imagem-destaque-v1.webp\",\"contentUrl\":\"https:\\\/\\\/bonitocinesur.com.br\\\/2026\\\/wp-content\\\/uploads\\\/2026\\\/02\\\/bcs26-imagem-destaque-v1.webp\",\"width\":1280,\"height\":854,\"caption\":\"4\u00ba Bonito CineSur\"},{\"@type\":\"BreadcrumbList\",\"@id\":\"https:\\\/\\\/bonitocinesur.com.br\\\/2026\\\/blog-festival\\\/#breadcrumb\",\"itemListElement\":[{\"@type\":\"ListItem\",\"position\":1,\"name\":\"In\u00edcio\",\"item\":\"https:\\\/\\\/bonitocinesur.com.br\\\/2026\\\/\"},{\"@type\":\"ListItem\",\"position\":2,\"name\":\"Blog\"}]},{\"@type\":\"WebSite\",\"@id\":\"https:\\\/\\\/bonitocinesur.com.br\\\/2026\\\/#website\",\"url\":\"https:\\\/\\\/bonitocinesur.com.br\\\/2026\\\/\",\"name\":\"4\u00ba Bonito CineSur\",\"description\":\"Festival de Cinema Sul-Americano de Bonito\",\"publisher\":{\"@id\":\"https:\\\/\\\/bonitocinesur.com.br\\\/2026\\\/#organization\"},\"alternateName\":\"BCS 2026\",\"potentialAction\":[{\"@type\":\"SearchAction\",\"target\":{\"@type\":\"EntryPoint\",\"urlTemplate\":\"https:\\\/\\\/bonitocinesur.com.br\\\/2026\\\/?s={search_term_string}\"},\"query-input\":{\"@type\":\"PropertyValueSpecification\",\"valueRequired\":true,\"valueName\":\"search_term_string\"}}],\"inLanguage\":\"pt-BR\"},{\"@type\":\"Organization\",\"@id\":\"https:\\\/\\\/bonitocinesur.com.br\\\/2026\\\/#organization\",\"name\":\"Festival de Cinema Sul-Americano de Bonito\",\"alternateName\":\"BCS 2026\",\"url\":\"https:\\\/\\\/bonitocinesur.com.br\\\/2026\\\/\",\"logo\":{\"@type\":\"ImageObject\",\"inLanguage\":\"pt-BR\",\"@id\":\"https:\\\/\\\/bonitocinesur.com.br\\\/2026\\\/#\\\/schema\\\/logo\\\/image\\\/\",\"url\":\"https:\\\/\\\/bonitocinesur.com.br\\\/2026\\\/wp-content\\\/uploads\\\/2026\\\/02\\\/bcs26-imagem-destaque-v1.webp\",\"contentUrl\":\"https:\\\/\\\/bonitocinesur.com.br\\\/2026\\\/wp-content\\\/uploads\\\/2026\\\/02\\\/bcs26-imagem-destaque-v1.webp\",\"width\":1280,\"height\":854,\"caption\":\"Festival de Cinema Sul-Americano de Bonito\"},\"image\":{\"@id\":\"https:\\\/\\\/bonitocinesur.com.br\\\/2026\\\/#\\\/schema\\\/logo\\\/image\\\/\"},\"sameAs\":[\"https:\\\/\\\/facebook.com\\\/bonitocinesur\",\"https:\\\/\\\/instagram.com\\\/bonitocinesur\"]}]}<\/script>\n<!-- \/ Yoast SEO plugin. -->","yoast_head_json":{"title":"Blog &#062; 4\u00ba Bonito CineSur","description":"Confira aqui as not\u00edcias, fotos, v\u00eddeos e novidades sobre a edi\u00e7\u00e3o 2026 do Festival de Cinema Sul-Americano de Bonito.","robots":{"index":"index","follow":"follow","max-snippet":"max-snippet:-1","max-image-preview":"max-image-preview:large","max-video-preview":"max-video-preview:-1"},"canonical":"https:\/\/bonitocinesur.com.br\/2026\/blog-festival\/","og_locale":"pt_BR","og_type":"article","og_title":"Blog &#062; 4\u00ba Bonito CineSur","og_description":"Confira aqui as not\u00edcias, fotos, v\u00eddeos e novidades sobre a edi\u00e7\u00e3o 2026 do Festival de Cinema Sul-Americano de Bonito.","og_url":"https:\/\/bonitocinesur.com.br\/2026\/blog-festival\/","og_site_name":"4\u00ba Bonito CineSur","article_publisher":"https:\/\/facebook.com\/bonitocinesur","article_modified_time":"2026-04-21T22:56:21+00:00","og_image":[{"width":1280,"height":854,"url":"https:\/\/bonitocinesur.com.br\/2026\/wp-content\/uploads\/2026\/02\/bcs26-imagem-destaque-v1.webp","type":"image\/webp"}],"twitter_card":"summary_large_image","twitter_misc":{"Est. tempo de leitura":"1 minuto"},"schema":{"@context":"https:\/\/schema.org","@graph":[{"@type":"WebPage","@id":"https:\/\/bonitocinesur.com.br\/2026\/blog-festival\/","url":"https:\/\/bonitocinesur.com.br\/2026\/blog-festival\/","name":"Blog &#062; 4\u00ba Bonito CineSur","isPartOf":{"@id":"https:\/\/bonitocinesur.com.br\/2026\/#website"},"primaryImageOfPage":{"@id":"https:\/\/bonitocinesur.com.br\/2026\/blog-festival\/#primaryimage"},"image":{"@id":"https:\/\/bonitocinesur.com.br\/2026\/blog-festival\/#primaryimage"},"thumbnailUrl":"https:\/\/bonitocinesur.com.br\/2026\/wp-content\/uploads\/2026\/02\/bcs26-imagem-destaque-v1.webp","datePublished":"2026-04-21T22:53:57+00:00","dateModified":"2026-04-21T22:56:21+00:00","description":"Confira aqui as not\u00edcias, fotos, v\u00eddeos e novidades sobre a edi\u00e7\u00e3o 2026 do Festival de Cinema Sul-Americano de Bonito.","breadcrumb":{"@id":"https:\/\/bonitocinesur.com.br\/2026\/blog-festival\/#breadcrumb"},"inLanguage":"pt-BR","potentialAction":[{"@type":"ReadAction","target":["https:\/\/bonitocinesur.com.br\/2026\/blog-festival\/"]}]},{"@type":"ImageObject","inLanguage":"pt-BR","@id":"https:\/\/bonitocinesur.com.br\/2026\/blog-festival\/#primaryimage","url":"https:\/\/bonitocinesur.com.br\/2026\/wp-content\/uploads\/2026\/02\/bcs26-imagem-destaque-v1.webp","contentUrl":"https:\/\/bonitocinesur.com.br\/2026\/wp-content\/uploads\/2026\/02\/bcs26-imagem-destaque-v1.webp","width":1280,"height":854,"caption":"4\u00ba Bonito CineSur"},{"@type":"BreadcrumbList","@id":"https:\/\/bonitocinesur.com.br\/2026\/blog-festival\/#breadcrumb","itemListElement":[{"@type":"ListItem","position":1,"name":"In\u00edcio","item":"https:\/\/bonitocinesur.com.br\/2026\/"},{"@type":"ListItem","position":2,"name":"Blog"}]},{"@type":"WebSite","@id":"https:\/\/bonitocinesur.com.br\/2026\/#website","url":"https:\/\/bonitocinesur.com.br\/2026\/","name":"4\u00ba Bonito CineSur","description":"Festival de Cinema Sul-Americano de Bonito","publisher":{"@id":"https:\/\/bonitocinesur.com.br\/2026\/#organization"},"alternateName":"BCS 2026","potentialAction":[{"@type":"SearchAction","target":{"@type":"EntryPoint","urlTemplate":"https:\/\/bonitocinesur.com.br\/2026\/?s={search_term_string}"},"query-input":{"@type":"PropertyValueSpecification","valueRequired":true,"valueName":"search_term_string"}}],"inLanguage":"pt-BR"},{"@type":"Organization","@id":"https:\/\/bonitocinesur.com.br\/2026\/#organization","name":"Festival de Cinema Sul-Americano de Bonito","alternateName":"BCS 2026","url":"https:\/\/bonitocinesur.com.br\/2026\/","logo":{"@type":"ImageObject","inLanguage":"pt-BR","@id":"https:\/\/bonitocinesur.com.br\/2026\/#\/schema\/logo\/image\/","url":"https:\/\/bonitocinesur.com.br\/2026\/wp-content\/uploads\/2026\/02\/bcs26-imagem-destaque-v1.webp","contentUrl":"https:\/\/bonitocinesur.com.br\/2026\/wp-content\/uploads\/2026\/02\/bcs26-imagem-destaque-v1.webp","width":1280,"height":854,"caption":"Festival de Cinema Sul-Americano de Bonito"},"image":{"@id":"https:\/\/bonitocinesur.com.br\/2026\/#\/schema\/logo\/image\/"},"sameAs":["https:\/\/facebook.com\/bonitocinesur","https:\/\/instagram.com\/bonitocinesur"]}]}},"_links":{"self":[{"href":"https:\/\/bonitocinesur.com.br\/2026\/wp-json\/wp\/v2\/pages\/392","targetHints":{"allow":["GET"]}}],"collection":[{"href":"https:\/\/bonitocinesur.com.br\/2026\/wp-json\/wp\/v2\/pages"}],"about":[{"href":"https:\/\/bonitocinesur.com.br\/2026\/wp-json\/wp\/v2\/types\/page"}],"author":[{"embeddable":true,"href":"https:\/\/bonitocinesur.com.br\/2026\/wp-json\/wp\/v2\/users\/1"}],"replies":[{"embeddable":true,"href":"https:\/\/bonitocinesur.com.br\/2026\/wp-json\/wp\/v2\/comments?post=392"}],"version-history":[{"count":2,"href":"https:\/\/bonitocinesur.com.br\/2026\/wp-json\/wp\/v2\/pages\/392\/revisions"}],"predecessor-version":[{"id":395,"href":"https:\/\/bonitocinesur.com.br\/2026\/wp-json\/wp\/v2\/pages\/392\/revisions\/395"}],"wp:featuredmedia":[{"embeddable":true,"href":"https:\/\/bonitocinesur.com.br\/2026\/wp-json\/wp\/v2\/media\/94"}],"wp:attachment":[{"href":"https:\/\/bonitocinesur.com.br\/2026\/wp-json\/wp\/v2\/media?parent=392"}],"curies":[{"name":"wp","href":"https:\/\/api.w.org\/{rel}","templated":true}]}}